{"id":4909,"date":"2023-04-29T22:16:54","date_gmt":"2023-04-29T22:16:54","guid":{"rendered":"https:\/\/erdenerbeserler.com.tr\/?post_type=product&#038;p=4909"},"modified":"2023-07-25T08:14:15","modified_gmt":"2023-07-25T08:14:15","slug":"ersut-hellim-peynir","status":"publish","type":"product","link":"https:\/\/erdenerbeserler.com.tr\/index.php\/product\/ersut-hellim-peynir\/","title":{"rendered":"Ers\u00fct Hellim Peynir"},"content":{"rendered":"<p>S\u00fct ve S\u00fct \u00dcr\u00fcnleri, Ers\u00fct Hellim Peynir<\/p>\n","protected":false},"excerpt":{"rendered":"<p>Ers\u00fct Hellim Peynir 1000Gram<\/p>\n","protected":false},"featured_media":0,"comment_status":"closed","ping_status":"closed","template":"","meta":[],"product_brand":[],"product_cat":[100,113,170,186],"product_tag":[103,116,115,114,111],"class_list":{"0":"post-4909","1":"product","2":"type-product","3":"status-publish","5":"product_cat-ersut","6":"product_cat-hellim-peynir","7":"product_cat-peynir","8":"product_cat-sut-ve-sut-urunleri","9":"product_tag-ersut","10":"product_tag-ersut-hellim-peynir","11":"product_tag-hellim","12":"product_tag-hellim-peynir","13":"product_tag-peynir","15":"first","16":"instock","17":"shipping-taxable","18":"purchasable","19":"product-type-simple"},"_links":{"self":[{"href":"https:\/\/erdenerbeserler.com.tr\/index.php\/wp-json\/wp\/v2\/product\/4909","targetHints":{"allow":["GET"]}}],"collection":[{"href":"https:\/\/erdenerbeserler.com.tr\/index.php\/wp-json\/wp\/v2\/product"}],"about":[{"href":"https:\/\/erdenerbeserler.com.tr\/index.php\/wp-json\/wp\/v2\/types\/product"}],"replies":[{"embeddable":true,"href":"https:\/\/erdenerbeserler.com.tr\/index.php\/wp-json\/wp\/v2\/comments?post=4909"}],"wp:attachment":[{"href":"https:\/\/erdenerbeserler.com.tr\/index.php\/wp-json\/wp\/v2\/media?parent=4909"}],"wp:term":[{"taxonomy":"product_brand","embeddable":true,"href":"https:\/\/erdenerbeserler.com.tr\/index.php\/wp-json\/wp\/v2\/product_brand?post=4909"},{"taxonomy":"product_cat","embeddable":true,"href":"https:\/\/erdenerbeserler.com.tr\/index.php\/wp-json\/wp\/v2\/product_cat?post=4909"},{"taxonomy":"product_tag","embeddable":true,"href":"https:\/\/erdenerbeserler.com.tr\/index.php\/wp-json\/wp\/v2\/product_tag?post=4909"}],"curies":[{"name":"wp","href":"https:\/\/api.w.org\/{rel}","templated":true}]}}