{"id":4912,"date":"2023-04-29T22:29:28","date_gmt":"2023-04-29T22:29:28","guid":{"rendered":"https:\/\/erdenerbeserler.com.tr\/?post_type=product&#038;p=4912"},"modified":"2023-07-25T08:14:15","modified_gmt":"2023-07-25T08:14:15","slug":"reha-tereyag","status":"publish","type":"product","link":"https:\/\/erdenerbeserler.com.tr\/index.php\/product\/reha-tereyag\/","title":{"rendered":"Reha Tereya\u011f"},"content":{"rendered":"<p>S\u00fct ve S\u00fct \u00dcr\u00fcnleri, Reha Tereya\u011f<\/p>\n","protected":false},"excerpt":{"rendered":"<p>Reha Tereya\u011f 1000Gram<\/p>\n","protected":false},"featured_media":4914,"comment_status":"closed","ping_status":"closed","template":"","meta":[],"product_brand":[],"product_cat":[124,186,101],"product_tag":[126,125,104],"class_list":{"0":"post-4912","1":"product","2":"type-product","3":"status-publish","4":"has-post-thumbnail","6":"product_cat-reha","7":"product_cat-sut-ve-sut-urunleri","8":"product_cat-tereyag","9":"product_tag-kibris-tereyag","10":"product_tag-reha-tereyag","11":"product_tag-tereyag","13":"first","14":"instock","15":"shipping-taxable","16":"purchasable","17":"product-type-simple"},"_links":{"self":[{"href":"https:\/\/erdenerbeserler.com.tr\/index.php\/wp-json\/wp\/v2\/product\/4912","targetHints":{"allow":["GET"]}}],"collection":[{"href":"https:\/\/erdenerbeserler.com.tr\/index.php\/wp-json\/wp\/v2\/product"}],"about":[{"href":"https:\/\/erdenerbeserler.com.tr\/index.php\/wp-json\/wp\/v2\/types\/product"}],"replies":[{"embeddable":true,"href":"https:\/\/erdenerbeserler.com.tr\/index.php\/wp-json\/wp\/v2\/comments?post=4912"}],"wp:featuredmedia":[{"embeddable":true,"href":"https:\/\/erdenerbeserler.com.tr\/index.php\/wp-json\/wp\/v2\/media\/4914"}],"wp:attachment":[{"href":"https:\/\/erdenerbeserler.com.tr\/index.php\/wp-json\/wp\/v2\/media?parent=4912"}],"wp:term":[{"taxonomy":"product_brand","embeddable":true,"href":"https:\/\/erdenerbeserler.com.tr\/index.php\/wp-json\/wp\/v2\/product_brand?post=4912"},{"taxonomy":"product_cat","embeddable":true,"href":"https:\/\/erdenerbeserler.com.tr\/index.php\/wp-json\/wp\/v2\/product_cat?post=4912"},{"taxonomy":"product_tag","embeddable":true,"href":"https:\/\/erdenerbeserler.com.tr\/index.php\/wp-json\/wp\/v2\/product_tag?post=4912"}],"curies":[{"name":"wp","href":"https:\/\/api.w.org\/{rel}","templated":true}]}}